
Calculate the remainder when 2904208 is divided by 322683.
61
What is the remainder when 118165696 is divided by 4330?
4326
Calculate the remainder when 682852 is divided by 2307.
2287
Calculate the remainder when 609821 is divided by 1799.
1759
Calculate the remainder when 57629771 is divided by 28814874.
23
What is the remainder when 57985980 is divided by 371705?
0
What is the remainder when 119598 is divided by 489?
282
What is the remainder when 35468227 is divided by 14?
11
What is the remainder when 2029720 is divided by 135311?
55
What is the remainder when 1630698 is divided by 135855?
438
Calculate the remainder when 966548 is divided by 177.
128
What is the remainder when 85883 is divided by 1078?
721
Calculate the remainder when 54267 is divided by 5413.
137
Calculate the remainder when 446393 is divided by 162.
83
Calculate the remainder when 1913975 is divided by 4340.
35
Calculate the remainder when 169350333 is divided by 77.
75
What is the remainder when 18181079 is divided by 6060350?
29
What is the remainder when 13018565 is divided by 81?
2
Calculate the remainder when 4485477 is divided by 1101.
3
Calculate the remainder when 51085701 is divided by 214.
49
What is the remainder when 593502 is divided by 82?
68
What is the remainder when 7234556 is divided by 3718?
3046
Calculate the remainder when 1116829 is divided by 6387.
5491
What is the remainder when 330208 is divided by 594?
538
Calculate the remainder when 2284560 is divided by 4001.
3990
What is the remainder when 65365 is divided by 1447?
250
Calculate the remainder when 12265720 is divided by 1362852.
52
Calculate the remainder when 12771 is divided by 1239.
381
Calculate the remainder when 400127 is divided by 2553.
1859
Calculate the remainder when 3635954 is divided by 8823.
878
Calculate the remainder when 103828 is divided by 34578.
94
Calculate the remainder when 1620653 is divided by 180072.
5
Calculate the remainder when 1580686 is divided by 1580682.
4
Calculate the remainder when 304394 is divided by 1587.
1277
What is the remainder when 3286282 is divided by 547712?
10
Calculate the remainder when 8745083 is divided by 1808.
1595
What is the remainder when 157541 is divided by 52378?
407
Calculate the remainder when 1873949 is divided by 1872282.
1667
Calculate the remainder when 42304292 is divided by 55.
52
Calculate the remainder when 44003 is divided by 204.
143
Calculate the remainder when 118855948 is divided by 141.
139
Calculate the remainder when 757739 is divided by 4833.
3791
What is the remainder when 10996953 is divided by 998?
989
Calculate the remainder when 636722 is divided by 636719.
3
Calculate the remainder when 2101102 is divided by 195.
172
What is the remainder when 54842992 is divided by 41?
39
What is the remainder when 3492131 is divided by 35274?
5
Calculate the remainder when 108784 is divided by 195.
169
What is the remainder when 11368196 is divided by 68483?
18
Calculate the remainder when 88934 is divided by 228.
14
Calculate the remainder when 3652771 is divided by 304397.
7
Calculate the remainder when 4012155 is divided by 186.
135
Calculate the remainder when 97038 is divided by 31828.
1554
Calculate the remainder when 34949902 is divided by 235.
232
Calculate the remainder when 3136266 is divided by 8083.
62
Calculate the remainder when 232071148 is divided by 33153017.
29
What is the remainder when 147694 is divided by 1227?
454
What is the remainder when 51387504 is divided by 88?
80
Calculate the remainder when 52838 is divided by 1986.
1202
Calculate the remainder when 2656838 is divided by 61.
44
What is the remainder when 54611 is divided by 1527?
1166
Calculate the remainder when 4863050 is divided by 109.
15
What is the remainder when 1392383 is divided by 199?
179
What is the remainder when 315676 is divided by 305?
1
Calculate the remainder when 11986470 is divided by 184406.
80
What is the remainder when 3031262 is divided by 14?
10
What is the remainder when 352541 is divided by 44046?
173
What is the remainder when 168299 is divided by 58?
41
What is the remainder when 474304 is divided by 118334?
968
Calculate the remainder when 692965 is divided by 163.
52
What is the remainder when 169501928 is divided by 87058?
2
What is the remainder when 86656 is divided by 2009?
269
What is the remainder when 142721 is divided by 144?
17
Calculate the remainder when 1009271 is divided by 6964.
6455
Calculate the remainder when 31834 is divided by 15332.
1170
What is the remainder when 1426419 is divided by 1761?
9
What is the remainder when 1449598 is divided by 320?
318
What is the remainder when 2915133 is divided by 167?
148
What is the remainder when 594624 is divided by 198104?
312
Calculate the remainder when 932247 is divided by 208.
199
What is the remainder when 505496 is divided by 8?
0
Calculate the remainder when 6599018 is divided by 1508.
10
What is the remainder when 35069444 is divided by 74?
30
Calculate the remainder when 184603 is divided by 68.
51
Calculate the remainder when 85824 is divided by 3180.
3144
What is the remainder when 24642962 is divided by 597?
593
Calculate the remainder when 1443828 is divided by 28.
8
What is the remainder when 2228526 is divided by 256?
46
Calculate the remainder when 1155785 is divided by 391.
380
Calculate the remainder when 1246534442 is divided by 553.
552
What is the remainder when 112062437 is divided by 322?
319
Calculate the remainder when 6466858 is divided by 37.
35
Calculate the remainder when 88535 is divided by 1887.
1733
Calculate the remainder when 115609 is divided by 134.
101
What is the remainder when 4464969 is divided by 14?
5
Calculate the remainder when 448094 is divided by 332.
226
What is the remainder when 177895345 is divided by 3511?
3508
What is the remainder when 5380 is divided by 3?
1
What is the remainder when 9012611 is divided by 103?
8
What is the remainder when 959163 is divided by 191829?
18
What is the remainder when 38615 is divided by 6412?
143
What is the remainder when 52178776 is divided by 4641?
13
What is the remainder when 274143 is divided by 876?
831
Calculate the remainder when 28273489 is divided by 1444.
1413
What is the remainder when 335544 is divided by 25588?
2900
What is the remainder when 9048148 is divided by 1131001?
140
What is the remainder when 70036690 is divided by 823961?
5
What is the remainder when 174812 is divided by 36?
32
Calculate the remainder when 123751 is divided by 61832.
87
What is the remainder when 1229901 is divided by 27329?
96
What is the remainder when 10443294 is divided by 1044328?
14
Calculate the remainder when 21077 is divided by 10490.
97
What is the remainder when 196799139 is divided by 98399559?
21
What is the remainder when 1548783 is divided by 4996?
23
Calculate the remainder when 2620280 is divided by 40312.
0
Calculate the remainder when 42011815 is divided by 23952.
7
Calculate the remainder when 368337 is divided by 83.
66
Calculate the remainder when 297339 is divided by 153.
60
What is the remainder when 252634 is divided by 688?
138
Calculate the remainder when 2024503 is divided by 475.
53
Calculate the remainder when 1170829 is divided by 164.
33
What is the remainder when 1606147067 is divided by 317?
314
Calculate the remainder when 35168930 is divided by 2219.
2218
Calculate the remainder when 14391285 is divided by 2963.
2957
What is the remainder when 1544848 is divided by 386201?
44
Calculate the remainder when 40230 is divided by 799.
280
What is the remainder when 49473881 is divided by 2100?
2081
What is the remainder when 137065 is divided by 244?
181
What is the remainder when 414928 is divided by 7832?
7664
Calculate the remainder when 1946435 is divided by 13514.
419
What is the remainder when 84645 is divided by 465?
15
What is the remainder when 210376 is divided by 70122?
10
Calculate the remainder when 2764808 is divided by 921581.
65
Calculate the remainder when 5360869 is divided by 251.
11
What is the remainder when 3792 is divided by 1261?
9
Calculate the remainder when 142116558 is divided by 20.
18
Calculate the remainder when 1606091 is divided by 102.
101
What is the remainder when 19188259 is divided by 67?
62
What is the